{"id":16826,"date":"2024-08-02T12:26:13","date_gmt":"2024-08-02T12:26:13","guid":{"rendered":"https:\/\/www.defneikon.com\/?post_type=product&amp;p=16826"},"modified":"2024-08-02T12:26:13","modified_gmt":"2024-08-02T12:26:13","slug":"moissanite-dort-yas-kume-yuzuk","status":"publish","type":"product","link":"https:\/\/defneikon.com\/?product=moissanite-dort-yas-kume-yuzuk","title":{"rendered":"Moissanite D\u00f6rt Ya\u015f K\u00fcme Y\u00fcz\u00fck"},"content":{"rendered":"<p class=\"p1\">Bu zarif Moissanite D\u00f6rt Ta\u015f K\u00fcme Y\u00fcz\u00fck, T\u00fcrkiye&#8217;deki yetenekli kuyumcular\u0131m\u0131z taraf\u0131ndan 925 Ayar G\u00fcm\u00fc\u015ften etik bir \u015fekilde el i\u015f\u00e7ili\u011fiyle \u00fcretilmi\u015ftir.<\/p>\n<p class=\"p1\">I\u015f\u0131\u011f\u0131n yans\u0131mas\u0131n\u0131 en \u00fcst d\u00fczeye \u00e7\u0131karmak i\u00e7in son derece cilal\u0131 bant \u00fczerine ustaca yerle\u015ftirilmi\u015f 4 klasik kesim moissanite ta\u015f\u0131 i\u00e7erir &#8211; ate\u015fleri &#8211; bu da g\u00fczelliklerini vurgular. Y\u00fcz\u00fc\u011f\u00fcn \u00f6zel bir \u00f6zelli\u011fi, bant i\u00e7ine se\u00e7iminiz olan bir yaz\u0131 tipinde kaz\u0131nmas\u0131n\u0131 istedi\u011finiz isim veya tarihtir. Bu, y\u00fcz\u00fc\u011f\u00fcn\u00fcz\u00fc bir moda aksesuar\u0131ndan bir An\u0131 Saklay\u0131c\u0131ya y\u00fckseltir &#8211; her takt\u0131\u011f\u0131n\u0131zda hayat\u0131n\u0131zdaki de\u011ferli bir an\u0131n sevgisini ve mutlulu\u011funu size hat\u0131rlatacak romantik bir hediye.<\/p>\n<p class=\"p1\">Defneikon&#8217;dan \u00f6zenle el i\u015f\u00e7ili\u011fiyle \u00fcretilmi\u015f bir \u00fcr\u00fcn sat\u0131n ald\u0131\u011f\u0131n\u0131zda \u015funlar\u0131 da dahil edece\u011fiz:<\/p>\n<ul class=\"ul1\">\n<li class=\"li1\">\u00dccretsiz 14 ayar alt\u0131n veya pembe alt\u0131n kaplama<\/li>\n<li class=\"li1\">\u00dccretsiz G\u00fcm\u00fc\u015f Kraft Kutu \u2013 \u00fcr\u00fcn\u00fcn\u00fcz\u00fcn hediye paketi yap\u0131lmas\u0131 se\u00e7ene\u011fiyle<\/li>\n<li class=\"li1\">\u00dccretsiz G\u00fcm\u00fc\u015f cila bezi<\/li>\n<li class=\"li1\">\u00dccretsiz ki\u015fiselle\u015ftirilmi\u015f hediye notu<\/li>\n<li class=\"li1\">Yeniden boyutland\u0131rma ve onar\u0131m hizmetleri nominal bir \u00fccret kar\u015f\u0131l\u0131\u011f\u0131nda mevcuttur<\/li>\n<li class=\"li1\">T\u00fcm \u00fcr\u00fcnlerde 30 g\u00fcnl\u00fck garanti. \u015eartlar ve ko\u015fullar ge\u00e7erlidir.<\/li>\n<\/ul>\n","protected":false},"excerpt":{"rendered":"<div class=\"woocommerce-product-details__short-description\">\n<div class=\"woocommerce-product-details__short-description\">\n<div class=\"woocommerce-product-details__short-description\">\n<div class=\"woocommerce-product-details__short-description\">\n<div class=\"woocommerce-product-details__short-description\">\n<div class=\"woocommerce-product-details__short-description\">\n<div class=\"woocommerce-product-details__short-description\">\n<div class=\"woocommerce-product-details__short-description\">\n<div class=\"product-list-row\">\n<div class=\"product-list-title\"><strong>Garanti S\u00fcresi<\/strong>: 12\u00a0Ay<\/div>\n<\/div>\n<div class=\"product-list-row\"><strong>Havale Al\u0131mlar\u0131nda<\/strong> (%5,00 havale indirimi)<\/div>\n<\/div>\n<\/div>\n<\/div>\n<\/div>\n<\/div>\n<\/div>\n<\/div>\n<\/div>\n","protected":false},"featured_media":16827,"comment_status":"open","ping_status":"closed","template":"","meta":[],"product_brand":[],"product_cat":[77,72],"product_tag":[],"class_list":{"0":"post-16826","1":"product","2":"type-product","3":"status-publish","4":"has-post-thumbnail","6":"product_cat-gumus-yuzuk","7":"product_cat-yuzukler","9":"first","10":"instock","11":"shipping-taxable","12":"purchasable","13":"product-type-simple"},"jetpack_sharing_enabled":true,"_links":{"self":[{"href":"https:\/\/defneikon.com\/index.php?rest_route=\/wp\/v2\/product\/16826","targetHints":{"allow":["GET"]}}],"collection":[{"href":"https:\/\/defneikon.com\/index.php?rest_route=\/wp\/v2\/product"}],"about":[{"href":"https:\/\/defneikon.com\/index.php?rest_route=\/wp\/v2\/types\/product"}],"replies":[{"embeddable":true,"href":"https:\/\/defneikon.com\/index.php?rest_route=%2Fwp%2Fv2%2Fcomments&post=16826"}],"version-history":[{"count":0,"href":"https:\/\/defneikon.com\/index.php?rest_route=\/wp\/v2\/product\/16826\/revisions"}],"wp:featuredmedia":[{"embeddable":true,"href":"https:\/\/defneikon.com\/index.php?rest_route=\/wp\/v2\/media\/16827"}],"wp:attachment":[{"href":"https:\/\/defneikon.com\/index.php?rest_route=%2Fwp%2Fv2%2Fmedia&parent=16826"}],"wp:term":[{"taxonomy":"product_brand","embeddable":true,"href":"https:\/\/defneikon.com\/index.php?rest_route=%2Fwp%2Fv2%2Fproduct_brand&post=16826"},{"taxonomy":"product_cat","embeddable":true,"href":"https:\/\/defneikon.com\/index.php?rest_route=%2Fwp%2Fv2%2Fproduct_cat&post=16826"},{"taxonomy":"product_tag","embeddable":true,"href":"https:\/\/defneikon.com\/index.php?rest_route=%2Fwp%2Fv2%2Fproduct_tag&post=16826"}],"curies":[{"name":"wp","href":"https:\/\/api.w.org\/{rel}","templated":true}]}}