{"id":27406,"date":"2025-03-03T11:51:17","date_gmt":"2025-03-03T11:51:17","guid":{"rendered":"https:\/\/defneikon.com\/?product=namaz-zikir-tesbih-3"},"modified":"2025-03-03T11:51:20","modified_gmt":"2025-03-03T11:51:20","slug":"namaz-zikir-tesbih-3","status":"publish","type":"product","link":"https:\/\/defneikon.com\/?product=namaz-zikir-tesbih-3","title":{"rendered":"NAMAZ, Z\u0130K\u0130R TESB\u0130H -3"},"content":{"rendered":"<p>TESB\u0130H\u0130M\u0130Z RENKL\u0130 SIKMA PLAST\u0130KTEN, 99 ADETTEN OLU\u015eMAKTADIR. 33 TA\u015eTAN SONRA B\u0130R ADET STOPER BULUNUR.<\/p>\n","protected":false},"excerpt":{"rendered":"<p>TESB\u0130H\u0130M\u0130Z RENKL\u0130 SIKMA PLAST\u0130KTEN, 99 ADETTEN OLU\u015eMAKTADIR. 33 TA\u015eTAN SONRA B\u0130R ADET STOPER BULUNUR.<\/p>\n","protected":false},"featured_media":27212,"comment_status":"closed","ping_status":"open","template":"","meta":[],"product_brand":[],"product_cat":[83],"product_tag":[],"class_list":{"0":"post-27406","1":"product","2":"type-product","3":"status-publish","4":"has-post-thumbnail","6":"product_cat-tesbih","8":"first","9":"instock","10":"purchasable","11":"product-type-simple"},"jetpack_sharing_enabled":true,"_links":{"self":[{"href":"https:\/\/defneikon.com\/index.php?rest_route=\/wp\/v2\/product\/27406","targetHints":{"allow":["GET"]}}],"collection":[{"href":"https:\/\/defneikon.com\/index.php?rest_route=\/wp\/v2\/product"}],"about":[{"href":"https:\/\/defneikon.com\/index.php?rest_route=\/wp\/v2\/types\/product"}],"replies":[{"embeddable":true,"href":"https:\/\/defneikon.com\/index.php?rest_route=%2Fwp%2Fv2%2Fcomments&post=27406"}],"version-history":[{"count":1,"href":"https:\/\/defneikon.com\/index.php?rest_route=\/wp\/v2\/product\/27406\/revisions"}],"predecessor-version":[{"id":27407,"href":"https:\/\/defneikon.com\/index.php?rest_route=\/wp\/v2\/product\/27406\/revisions\/27407"}],"wp:featuredmedia":[{"embeddable":true,"href":"https:\/\/defneikon.com\/index.php?rest_route=\/wp\/v2\/media\/27212"}],"wp:attachment":[{"href":"https:\/\/defneikon.com\/index.php?rest_route=%2Fwp%2Fv2%2Fmedia&parent=27406"}],"wp:term":[{"taxonomy":"product_brand","embeddable":true,"href":"https:\/\/defneikon.com\/index.php?rest_route=%2Fwp%2Fv2%2Fproduct_brand&post=27406"},{"taxonomy":"product_cat","embeddable":true,"href":"https:\/\/defneikon.com\/index.php?rest_route=%2Fwp%2Fv2%2Fproduct_cat&post=27406"},{"taxonomy":"product_tag","embeddable":true,"href":"https:\/\/defneikon.com\/index.php?rest_route=%2Fwp%2Fv2%2Fproduct_tag&post=27406"}],"curies":[{"name":"wp","href":"https:\/\/api.w.org\/{rel}","templated":true}]}}