{"id":27456,"date":"2025-03-03T11:51:34","date_gmt":"2025-03-03T11:51:34","guid":{"rendered":"https:\/\/defneikon.com\/?product=erkek-kople-taki-seti-2"},"modified":"2025-03-03T11:51:38","modified_gmt":"2025-03-03T11:51:38","slug":"erkek-kople-taki-seti-2","status":"publish","type":"product","link":"https:\/\/defneikon.com\/?product=erkek-kople-taki-seti-2","title":{"rendered":"ERKEK KOPLE TAKI SET\u0130 &#8211; 2"},"content":{"rendered":"<p>SET\u0130M\u0130Z; 1 ADET NO NAME SAAT<br \/>\n1 ADET G\u00dcM\u00dc\u015e KAPLAMA TESP\u0130H<br \/>\n1 ADET Z\u0130PPO G\u00d6R\u00dcN\u00dcML\u00dc \u00c7AKMAK<br \/>\n2 ADET B\u0130LEKL\u0130KTEN OLU\u015eMAKTA. G\u00d6RSELLER \u0130LE G\u00d6NDER\u0130LEN \u00dcR\u00dcNLER FARKLILIK G\u00d6STERE B\u0130L\u0130R.<\/p>\n","protected":false},"excerpt":{"rendered":"<p>SET\u0130M\u0130Z; 1 ADET NO NAME SAAT 1 ADET G\u00dcM\u00dc\u015e KAPLAMA TESP\u0130H 1 ADET Z\u0130PPO G\u00d6R\u00dcN\u00dcML\u00dc \u00c7AKMAK 2 ADET B\u0130LEKL\u0130KTEN OLU\u015eMAKTA.<\/p>\n","protected":false},"featured_media":27322,"comment_status":"closed","ping_status":"open","template":"","meta":[],"product_brand":[],"product_cat":[83],"product_tag":[],"class_list":{"0":"post-27456","1":"product","2":"type-product","3":"status-publish","4":"has-post-thumbnail","6":"product_cat-tesbih","8":"first","9":"instock","10":"purchasable","11":"product-type-simple"},"jetpack_sharing_enabled":true,"_links":{"self":[{"href":"https:\/\/defneikon.com\/index.php?rest_route=\/wp\/v2\/product\/27456","targetHints":{"allow":["GET"]}}],"collection":[{"href":"https:\/\/defneikon.com\/index.php?rest_route=\/wp\/v2\/product"}],"about":[{"href":"https:\/\/defneikon.com\/index.php?rest_route=\/wp\/v2\/types\/product"}],"replies":[{"embeddable":true,"href":"https:\/\/defneikon.com\/index.php?rest_route=%2Fwp%2Fv2%2Fcomments&post=27456"}],"version-history":[{"count":1,"href":"https:\/\/defneikon.com\/index.php?rest_route=\/wp\/v2\/product\/27456\/revisions"}],"predecessor-version":[{"id":27457,"href":"https:\/\/defneikon.com\/index.php?rest_route=\/wp\/v2\/product\/27456\/revisions\/27457"}],"wp:featuredmedia":[{"embeddable":true,"href":"https:\/\/defneikon.com\/index.php?rest_route=\/wp\/v2\/media\/27322"}],"wp:attachment":[{"href":"https:\/\/defneikon.com\/index.php?rest_route=%2Fwp%2Fv2%2Fmedia&parent=27456"}],"wp:term":[{"taxonomy":"product_brand","embeddable":true,"href":"https:\/\/defneikon.com\/index.php?rest_route=%2Fwp%2Fv2%2Fproduct_brand&post=27456"},{"taxonomy":"product_cat","embeddable":true,"href":"https:\/\/defneikon.com\/index.php?rest_route=%2Fwp%2Fv2%2Fproduct_cat&post=27456"},{"taxonomy":"product_tag","embeddable":true,"href":"https:\/\/defneikon.com\/index.php?rest_route=%2Fwp%2Fv2%2Fproduct_tag&post=27456"}],"curies":[{"name":"wp","href":"https:\/\/api.w.org\/{rel}","templated":true}]}}